6
Suppose 30*i - 244 = 26. What is the highest common factor of 45 and i?
9
Let w be (-1*6)/(2/(-16)). Suppose -3*g + 4*h + 13 = -23, -2*g = 3*h - 41. Calculate the highest common divisor of w and g.
16
Let n = -491 - -517. Let x(u) = 9*u**2 - u. Let a be x(3). Calculate the highest common divisor of n and a.
26
Suppose -2 = 5*p + 8. Let t(r) = -7*r + 6. Let a be t(p). What is the greatest common divisor of a and 5?
5
Suppose 0 = 7*p - 5*p - 4, -p + 200 = 3*v. What is the greatest common factor of v and 6?
6
Suppose 3*n - 4 = -2*c - 0*n, -c = 5*n - 2. Let y be c*1/(8/12). Calculate the highest common divisor of 12 and y.
3
Let v(u) = u**2 - 436. Let y be v(22). Let f be 6044/14 + (-2)/(-7). What is the highest common factor of f and y?
48
Let p(m) = 9*m - 81. Let h be p(11). Suppose s - h = 105. What is the greatest common factor of s and 41?
41
Let u be (-23 + (0 - 1))*112/(-84). What is the highest common factor of u and 128?
32
Let t = -20 - -35. Let h(k) = k - 6*k + 7*k - 5 + k**2. Let q be h(3). Calculate the highest common divisor of q and t.
5
Let d = 668 - 356. What is the highest common divisor of 351 and d?
39
Let k = 186 + -154. Calculate the greatest common factor of k and 8.
8
Let p be (2793/(-49))/(-1 + -1 + 1). Calculate the highest common factor of p and 513.
57
Let q = 527 - 519. What is the highest common divisor of 288 and q?
8
Suppose -5*r + 307 = -3*k, r + 3*k - 15 - 50 = 0. Suppose 75 = 5*b + 5*d, 4*b + 5*d + 7 = r. Calculate the greatest common factor of b and 10.
10
Let f = 51 - 31. Let c = 834 + -826. Let l be c/(-10) + 1616/f. What is the highest common divisor of l and 32?
16
Suppose -30*f - 23*f + 2968 = 0. What is the greatest common factor of f and 392?
56
Let p(a) = -a**3 - 16*a**2 - a - 6. Let f be p(-16). Suppose -f = -4*r - 6. Calculate the highest common factor of 3 and r.
1
Let a(d) = 4*d**2 + d + 1. Let z = 2 - 3. Let f be a(z). Suppose -2074 = -104*m + 1254. What is the greatest common factor of m and f?
4
Suppose 28*o = 624 - 120. What is the greatest common divisor of 522 and o?
18
Let k be (-10)/2*(1 + -2). Suppose 3 = 61*z - 64*z. Let p = z + k. Calculate the greatest common divisor of p and 28.
4
Let d(r) = 2*r - 3. Let l be d(2). Let h = 23 + -25. Let i = h - -5. Calculate the greatest common factor of l and i.
1
Suppose 71 = 3*v + 5*m, 6*v = 2*v - 2*m + 118. Let x(o) = o**3 + 7*o**2 + 2*o - v + 37 - 10*o. Let b be x(-8). What is the greatest common divisor of 35 and b?
5
Suppose -2*d - q = -30, -4*q + 31 = 2*d - 11. Suppose -d*t + 724 = -524. What is the greatest common factor of t and 32?
32
Let z be (-16)/(-5 + 1) + 20. Suppose -15 = -2*y + 3*x, -x - 27 = -4*y + 4*x. Calculate the greatest common factor of z and y.
3
Suppose -r = 2*t - 3*t + 4, 4*t - 36 = -r. Let l be 16/(-1)*t/(-4). Calculate the greatest common divisor of 8 and l.
8
Suppose -4*k = -7*k - 246. Let d = -18 - k. Suppose d = 3*l + l. What is the greatest common divisor of 64 and l?
16
Let u be (-2)/(-4)*40 + 0 + -2. Calculate the greatest common factor of 54 and u.
18
Suppose -5*q = 3*b - 160, -5*b - 2*q = -3*q - 304. Let w be 36/1098 - 2924/(-122). Calculate the greatest common factor of b and w.
12
Let u(c) = -3*c**2 + 74*c - 82. Let p be u(23). Calculate the greatest common divisor of p and 93.
3
Let n(r) = 4*r - 10 - 12 + 1 + 2. Let f be n(8). Calculate the greatest common divisor of f and 52.
13
Suppose -o = -4*z - 15, 2*o + 9 = -6*z + z. Suppose -2*p - v = -24, 4*v - 31 = -o*p - 5. Let f = -558 + 600. What is the greatest common divisor of f and p?
14
Suppose -2*g = -5*v + v + 24, -24 = -4*v - 3*g. Suppose 25 = v*x - x. Calculate the greatest common divisor of x and 3.
1
Let q = 125 - 37. Suppose 2*f + 56 = p, p - 3*p = 2*f - q. What is the greatest common factor of p and 6?
6
Suppose -11*z - 1 = -12*z. Let f be 125/(-10) - (-1)/2. Let d be (-3)/f + (-6)/(-8). What is the greatest common factor of z and d?
1
Suppose 1285*x + 13 = s + 1289*x, -3*x - 24 = -3*s. Suppose -8*u + 3*u = -495. Calculate the greatest common divisor of u and s.
9
Let d = 6 + -2. Suppose 2*u = -2 - d. Let i be (-1 + u)*5/(-10). Calculate the highest common divisor of i and 6.
2
Let x(o) = -47*o - 1. Let m be (-2)/(-4) + 9/(-6). Let u be x(m). Let y be -3 - 2/((-4)/u). What is the highest common factor of 50 and y?
10
Let c(h) = 2*h**3 - 2*h**2 - 3*h + 4. Let m be c(3). Suppose 756 = 3*w - 4*d, -4*d = -8*d - 12. Calculate the highest common factor of w and m.
31
Let s(a) = -a**2 - 10*a - 9. Let h be s(-9). Suppose 2*b - 7 - 35 = 4*c, h = -4*b - 5*c + 84. Calculate the highest common divisor of b and 3.
3
Let w(f) = -f**3 + 10*f**2 + 16*f + 11. Let c be w(10). Calculate the greatest common divisor of 19 and c.
19
Let w(o) = -13*o + 3 + o**3 + 22 - 8 + 13*o**2. Let q be w(-14). What is the highest common factor of q and 9?
3
Suppose 0*j = -2*z + 5*j + 337, 5*z - 3*j - 852 = 0. Suppose 0 = -v - 2*v - z. Let g = 123 + v. Calculate the highest common divisor of g and 22.
22
Let z = -4 - -7. Suppose 0 = -2*u + 43 - z. Let x be (u/25)/(4/110). What is the highest common divisor of x and 33?
11
Suppose 9 + 11 = 5*q. Let k = -12 + 32. What is the highest common divisor of q and k?
4
Let d be (-147)/(-8) - (-57)/(-152). What is the highest common factor of d and 12?
6
Suppose 4 = 4*j, 5*z - 41 = 4*z + 4*j. Calculate the highest common divisor of z and 105.
15
Suppose -8*o - 3*n = -7*o - 300, 10 = 5*n. What is the highest common factor of 6 and o?
6
Suppose -604*l + 2275 = -599*l. Calculate the greatest common divisor of l and 35.
35
Suppose 63 = 4*n + p, 2*n = 2*p - 5 + 39. Let t be ((n - -2) + 3)*2. What is the greatest common divisor of t and 6?
6
Let j be (-4 - -6)*(1 + 7/2). What is the greatest common factor of 11 and j?
1
Let z be ((-14)/(-4) - -2) + (-35)/(-70). What is the highest common divisor of 48 and z?
6
Suppose -42 = 2*x + x. Let y = 512 - 515. Let u be (-61)/y - x/21. Calculate the highest common divisor of 84 and u.
21
Let p be 3 + 3 + (-90)/(-2). Calculate the highest common divisor of 17 and p.
17
Suppose 0 = -7*b + 6*b - 7. Let u(l) = -l**2 - 12*l - 5. Let x be u(b). Calculate the highest common divisor of x and 12.
6
Suppose -140*k + 138*k + 20 = 0. What is the highest common factor of 15 and k?
5
Let o(w) = -w - 2. Let h be o(-3). Let z = 21 - h. Calculate the greatest common factor of 8 and z.
4
Suppose 17 = -2*f - 3*o, -2*f + f - o = 7. Let h be f/(-10) + 496/10. Calculate the greatest common factor of 20 and h.
10
Let i be 14/56 - (-2558)/8. Suppose -2*w + 4*q + i = 0, 6*w + 2*q - 740 = w. Let x = -106 + w. Calculate the greatest common divisor of x and 4.
4
Suppose 913 = 2*i + 2*i - c, -4*i + 908 = 4*c. Calculate the highest common factor of 8 and i.
4
Suppose 0 = -3*o + 12 + 30. Let i(w) = -3*w + 52. Let g be i(o). Let b be 7*-2*(0 - 5). What is the highest common divisor of g and b?
10
Let o = 237 + -156. Let f = -41 + o. Suppose -80 = -0*z - 4*z. What is the highest common factor of f and z?
20
Let t = 406 + 377. Calculate the highest common factor of t and 54.
27
Suppose -10*c + 622 - 232 = 0. Let h be (-3240)/(-65) - (-6)/c. What is the greatest common factor of h and 450?
50
Let u = -2540 - -2575. What is the highest common divisor of 20 and u?
5
Let o = 69 + -48. Suppose -6 = -i + o. Suppose -3*d = i - 132. Calculate the highest common factor of 5 and d.
5
Let h(g) = g**3 - 9*g**2 + 8*g + 4. Let s be h(8). Suppose -s = -2*j + 26. What is the highest common divisor of 30 and j?
15
Let w = -246 + 366. Suppose 3*s + 2*i = w, 16 = -s + i + 56. What is the highest common factor of 5 and s?
5
Let c = 1396 - 1296. Calculate the greatest common divisor of 3200 and c.
100
Suppose -2*u + r = -14, u + 2 = 3*u - 4*r. Suppose 0*w + u = w. What is the highest common divisor of 45 and w?
9
Let i(g) = -g - 1 + g**3 - 3*g - 4*g + 5*g**2 + 0*g**3. Let z be i(-6). Let u be 6/((-1)/((-66)/4)). What is the greatest common factor of u and z?
11
Let i be (-11)/44 + (-9)/(-4). Suppose 9 = 4*q - q, 0 = h - i*q - 28. Calculate the greatest common factor of 34 and h.
34
Let v(u) = u**2 - u + 1. Let k be v(3). Let r be (-3)/(k/((-448)/12)). What is the highest common divisor of 8 and r?
8
Let n(c) = 4*c + 6. Let j(l) = -7*l - 11. Let g(w) = -3*j(w) - 5*n(